omposite number?
False
Is 16825517 a composite number?
False
Is 467972747 a composite number?
True
Is 378517 a prime number?
False
Is 1354083 composite?
True
Is 89651 composite?
True
Is 110276563 a composite number?
False
Is 24711689 a prime number?
True
Is 1384969 a composite number?
True
Is 211054787 a prime number?
True
Is 7801981 composite?
True
Is 347497 prime?
False
Is 169903 prime?
False
Is 38597039 composite?
True
Is 367687 composite?
False
Is 4372699 composite?
False
Is 12393253 a composite number?
True
Is 1206941 composite?
False
Is 36531529 composite?
False
Is 10338509 a composite number?
False
Is 894259 a composite number?
False
Is 18240619 composite?
False
Is 41439397 a prime number?
False
Is 480460529 a composite number?
True
Is 1508797 composite?
False
Is 23621957 a prime number?
True
Is 384331 a composite number?
False
Is 31117861 a composite number?
True
Is 3098033 a prime number?
True
Is 169567 a composite number?
False
Is 5796241 composite?
True
Is 5124505 prime?
False
Is 9666167 a prime number?
False
Is 1181759 a prime number?
True
Is 20284081 a composite number?
False
Is 415150709 a prime number?
True
Is 67242757 prime?
True
Is 57475867 composite?
False
Is 12894287 a prime number?
False
Is 205526561 prime?
True
Is 3338659 a composite number?
True
Is 3262927 a composite number?
True
Is 1163311 composite?
False
Is 70131571 a prime number?
False
Is 10410121 a prime number?
True
Is 2638949 composite?
False
Is 66481801 a composite number?
True
Is 52586909 a prime number?
False
Is 9881917 a composite number?
True
Is 504276461 composite?
True
Is 1019387 a composite number?
True
Is 165591691 a composite number?
False
Is 47267239 a composite number?
True
Is 5231797 composite?
False
Is 16890479 prime?
True
Is 14086549 a prime number?
False
Is 1813033 composite?
True
Is 4611911 a prime number?
True
Is 358617137 composite?
True
Is 11206907 composite?
True
Is 3985409 prime?
True
Is 92256271 a prime number?
True
Is 828173 prime?
False
Is 75126941 a composite number?
True
Is 32356433 prime?
False
Is 22263179 a composite number?
False
Is 329099443 prime?
False
Is 17409934 a composite number?
True
Is 111259873 composite?
True
Is 5837989 a composite number?
False
Is 1370807 a composite number?
True
Is 15657149 prime?
False
Is 118824193 prime?
False
Is 3231187 composite?
False
Is 16852231 a prime number?
False
Is 4467629 a composite number?
True
Is 245615173 composite?
False
Is 1575869 prime?
True
Is 679011 prime?
False
Is 23552911 prime?
True
Is 70159709 composite?
False
Is 810941 a composite number?
False
Is 6935053 a prime number?
True
Is 3241831 a composite number?
True
Is 2351035 composite?
True
Is 235325483 a prime number?
False
Is 5025817 a composite number?
False
Is 2105449 prime?
True
Is 7587497 a composite number?
False
Is 11149631 a prime number?
True
Is 2132363 prime?
False
Is 25682171 a prime number?
False
Is 236053333 a prime number?
True
Is 9891731 a composite number?
False
Is 34161781 a composite number?
True
Is 47903489 prime?
False
Is 34512685 prime?
False
Is 56993683 a prime number?
True
Is 927161 prime?
True
Is 120512591 prime?
True
Is 1823713 composite?
False
Is 48780967 composite?
True
Is 9880979 composite?
True
Is 58768069 a composite number?
False
Is 11468621 composite?
False
Is 412001 composite?
False
Is 30828817 a composite number?
False
Is 2099459 composite?
True
Is 3831235 a prime number?
False
Is 6923869 composite?
False
Is 90098347 composite?
True
Is 47323339 composite?
True
Is 222559 a composite number?
True
Is 43461553 a composite number?
False
Is 68305967 composite?
False
Is 13454759 prime?
True
Is 13420723 prime?
True
Is 15423038 a prime number?
False
Is 6935839 a prime number?
True
Is 21148181 a prime number?
False
Is 8098673 a prime number?
False
Is 2365511 a composite number?
False
Is 407787049 a prime number?
True
Is 1405597 a composite number?
False
Is 15705109 a composite number?
True
Is 71201419 composite?
True
Is 25482343 prime?
True
Is 80583443 prime?
False
Is 22079 prime?
True
Is 5999107 a prime number?
True
Is 13398701 prime?
False
Is 1201667 a prime number?
False
Is 3615559 a composite number?
False
Is 18133931 prime?
False
Is 324085799 composite?
True
Is 1619858 prime?
False
Is 92829887 a prime number?
True
Is 155167 composite?
False
Is 1929497 a prime number?
True
Is 80207443 composite?
True
Is 5266487 prime?
False
Is 6407669 composite?
True
Is 19818629 prime?
False
Is 35622955 a composite number?
True
Is 32055497 a prime number?
True
Is 141397 prime?
True
Is 8795911 a composite number?
False
Is 10771903 a composite number?
True
Is 4833313 a composite number?
True
Is 7165267 a composite number?
False
Is 1969427 prime?
False
Is 21599891 a prime number?
False
Is 129387919 a prime number?
True
Is 2990221 a prime number?
False
Is 101623 a prime number?
False
Is 3396541 a prime number?
False
Is 26949781 composite?
True
Is 27174577 a prime number?
True
Is 660707651 a prime number?
True
Is 1173617 composite?
False
Is 51892219 composite?
False
Is 165967123 a composite number?
True
Is 4760377 composite?
True
Is 7455131 composite?
True
Is 553596971 a composite number?
False
Is 10872523 prime?
True
Is 679550393 prime?
False
Is 835919 a prime number?
False
Is 3730567 a composite number?
True
Is 39413 a prime number?
False
Is 482252479 a composite number?
False
Is 144475481 composite?
False
Is 6166049 composite?
False
Is 1717129 composite?
False
Is 628093 a prime number?
True
Is 56826541 a prime number?
True
Is 209203991 prime?
True
Is 11581991 a prime number?
False
Is 16565023 composite?
False
Is 1815427 a prime number?
True
Is 3781367 a composite number?
False
Is 187064203 prime?
True
Is 2142211 composite?
False
Is 1498741 a composite number?
False
Is 10113361 a prime number?
False
Is 118309339 a composite number?
False
Is 136207 a composite number?
False
Is 3836597 prime?
False
Is 4212769 a composite number?
True
Is 4624211 a prime number?
True
Is 3908537 composite?
False
Is 34416007 a prime number?
False
Is 2315531 composite?
True
Is 5988659 composite?
False
Is 66629631 a prime number?
False
Is 44911253 composite?
True
Is 74947823 a prime number?
False
Is 914821 composite?
True
Is 771563 composite?
True
Is 69236933 a prime number?
True
Is 20561663 a composite number?
False
Is 53587211 composite?
True
Is 5044573 a prime number?
False
Is 8679373 composite?
False
Is 11323129 prime?
False
Is 1067050363 a prime number?
False
Is 28214369 a composite number?
False
Is 2796295 composite?
True
Is 115016393 composite?
False
Is 101030263 prime?
False
Is 7636091 a composite number?
True
Is 468306949 prime?
False
Is 88360801 composite?
False
Is 72011 prime?
False
Is 919631 a composite number?
False
Is 448886953 prime?
True
Is 131880497 composite?
True
Is 4022971 a composite number?
True
Is 26341243 prime?
True
Is 28576181 prime?
False
Is 1844285 a composite number?
True
Is 3740279 composite?
True
Is 72991 a prime number?
False
Is 5011099 a prime number?
True
Is 2852629 a composite number?
True
Is 41648641 composite?
False
Is 97283 a prime number?
True
Is 51673367 a prime number?
True
Is 275752551 prime?
False
Is 10513187 prime?
False
Is 148072909 a composite number?
True
Is 216446443 composite?
True
Is 98107859 composite?
False
Is 309185 composite?
True
Is 1828679 a composite number?
True
Is 891758167 a prime number?
False
Is 93508949 prime?
True
Is 1635031 a composite number?
False
Is 14513593 prime?
False
Is 64322933 a composite number?
True
Is 68277901 prime?
True
Is 2267298731 a composite number?
False
Is 42911089 a prime number?
False
Is 3277789 composite?
True
Is 166681663 composite?
True
Is 135876773 a composite number?
False
Is 61911793 a prime number?
True
Is 119629243 a prime number?
True
Is 728627 a prime number?
True
Is 98233 composite?
True
Is 7115021 a composite number?
True
Is 181996853 a prime number?
True
Is 34787378 prime?
False
Is 6025421 a composite number?
False
Is 230966917 composite?
False
Is 5608171 a prime number?
True
Is 178513411 a prime number?
True
Is 1393913 composite?
False
Is 967343 a prime number?
False
Is 40363471 prime?
True
Is 1498027 composite?
False
Is 14508563 composite?
False
Is 9972913 a composite number?
False
Is 383715301 prime?
True
Is 110077441 a prime number?
True
Is